. What is g(5)?
5
Let y(k) = -13*k - 243. Calculate y(-14).
-61
Let p(g) = 211*g - 2391. Give p(11).
-70
Let l(k) = 2*k**3 + 20*k**2 - 11*k + 4. Give l(-11).
-117
Let u(x) = x**3 - 114*x**2 + 444*x - 495. Calculate u(110).
-55
Let g(q) = -169*q**2 - 51*q - 48. Give g(-1).
-166
Let l(i) = -i**3 + i**2 - 3*i - 71. Calculate l(0).
-71
Let v(z) = z**3 - 22*z**2 + 15*z + 123. Give v(21).
-3
Let l(c) = 3*c - 119. Calculate l(36).
-11
Let b(d) = -1163*d + 13974. Give b(12).
18
Let o(f) = 2*f**2 + 14*f - 40. What is o(6)?
116
Let s(o) = 4*o**3 + 176*o**2 + 5. Determine s(-44).
5
Let h(r) = -98*r**3 + 3*r - 2. Determine h(1).
-97
Let a(i) = -i**2 - 130*i - 3209. What is a(-97)?
-8
Let l(n) = -703*n + 7027. Determine l(10).
-3
Let r(c) = 1540*c + 4623. Give r(-3).
3
Let f(o) = 4*o**3 - 54*o**2 + 24*o + 15. Give f(13).
-11
Let g(k) = 3*k**3 + 3*k**2 + 3*k + 9. Determine g(-2).
-9
Let q(b) = 2*b**3 + 38*b**2 - b + 46. Determine q(-19).
65
Let l(m) = m**3 - 12*m**2 + 73*m - 273. Calculate l(7).
-7
Let p(t) = -t**3 - 437*t**2 - 492*t - 24426. Give p(-436).
-10
Let h(b) = -24*b**2 - 325*b + 5. Calculate h(-12).
449
Let d(t) = t**2 + 43*t - 284. What is d(-50)?
66
Let t(s) = s**2 - 16*s - 7. What is t(14)?
-35
Let s(i) = -56*i + 903. Calculate s(15).
63
Let r(q) = 882*q + 3509. Calculate r(-4).
-19
Let t(k) = -1883*k - 7541. What is t(-4)?
-9
Let z(o) = 3*o**3 + 1010*o**2 - 358*o - 7083. Determine z(-337).
-6
Let t(f) = -2*f**3 - 46*f**2 + 98*f + 2264. What is t(-23)?
10
Let f(p) = 32*p + 1475. Give f(-53).
-221
Let l(u) = u**3 - 48*u**2 - 311*u - 698. Calculate l(54).
4
Let j(z) = -46*z + 1467. Calculate j(32).
-5
Let t(z) = 212*z - 8059. Give t(38).
-3
Let z(f) = -21*f - 424. Give z(-20).
-4
Let f(p) = -17*p**2 - 1909*p - 578. Determine f(-112).
-18
Let q(t) = -2*t**2 - 20*t - 123. Determine q(-6).
-75
Let t(x) = x**3 - 13*x**2 + 8*x + 66. Calculate t(12).
18
Let r(q) = -13*q**2 - 599*q + 21. What is r(-46)?
67
Let r(s) = 2*s**3 + 15*s**2 - 9*s + 10. What is r(-7)?
122
Let d(f) = -7*f**3 + 14*f**2 + 20*f + 8. What is d(-1)?
9
Let t(i) = -49*i - 67. What is t(-5)?
178
Let u(s) = 1395*s + 6980. Determine u(-5).
5
Let p(b) = -b**2 + 4*b + 107. What is p(13)?
-10
Let g(s) = -s**2 - 46*s + 18. Determine g(-45).
63
Let m(k) = -k**3 + 18*k**2 + 242*k - 34. Give m(27).
-61
Let t(c) = -c**3 + 13*c**2 + c - 155. Give t(12).
1
Let g(u) = u**3 - 22*u**2 + 116*u + 1. Calculate g(13).
-12
Let o(g) = -4*g**2 + 6*g + 71. Determine o(9).
-199
Let l(g) = -117*g**3 - 1053*g**2 + 3*g + 26. Give l(-9).
-1
Let y(k) = -k**3 - 6*k**2 + 38*k + 167. Calculate y(-5).
-48
Let q(b) = 60*b**3 - 3*b**2 + b + 1. What is q(1)?
59
Let i(q) = -69*q - 159. What is i(-3)?
48
Let w(k) = -k**2 + 13*k - 43. Give w(6).
-1
Let a(t) = 155*t - 1551. Give a(10).
-1
Let v(m) = -m**2 + 36*m - 26. Give v(2).
42
Let l(x) = x**3 + 28*x**2 + 117*x - 14. Calculate l(-23).
-60
Let m(c) = 2*c**3 + 476*c**2 + 946*c + 473. Calculate m(-236).
1
Let f(w) = 1336*w - 11953. Calculate f(9).
71
Let t(l) = 8*l**2 + 22*l + 115. Determine t(-5).
205
Let f(j) = 6*j**2 + 107*j - 814. Calculate f(7).
229
Let a(q) = -138*q + 628. What is a(6)?
-200
Let m(v) = 37*v + 888. Give m(-24).
0
Let v(p) = 149*p + 729. What is v(-5)?
-16
Let f(s) = -547*s - 1773. Calculate f(-3).
-132
Let o(u) = 12*u**2 + 44*u + 71. Determine o(-4).
87
Let x(l) = l**3 + 14*l**2 + 12*l - 10. What is x(-9)?
287
Let j(t) = -6*t**2 - 8*t + 54. Calculate j(-4).
-10
Let t(x) = -x**3 - 29*x**2 + 54*x - 342. Give t(-31).
-94
Let o(u) = -11*u + 102. What is o(7)?
25
Let t(v) = -1177*v - 7050. Give t(-6).
12
Let q(n) = 11*n**3 + 1199*n**2 + 50. Give q(-109).
50
Let y(p) = -16*p - 81. Calculate y(6).
-177
Let c(g) = -10*g**2 + 49*g + 2048. Give c(-12).
20
Let i(q) = 69*q - 688. Calculate i(7).
-205
Let o(n) = -5*n**2 + 55*n - 24. Give o(11).
-24
Let g(o) = o**3 + 36*o**2 - 76*o - 79. What is g(-38)?
-79
Let i(s) = 7*s**2 - 64*s - 294. What is i(-5)?
201
Let f(l) = -l**2 - 19*l + 2200. Determine f(35).
310
Let b(i) = 3*i**2 + 851*i + 1705. Give b(-2).
15
Let r(y) = y**3 + 10*y**2 + 1302*y + 13025. Determine r(-10).
5
Let m(i) = 8*i**2 + 96*i + 220. Give m(-9).
4
Let j(y) = -2*y**3 - 10*y**2 + 3*y + 26. Give j(-5).
11
Let i(s) = -s**2 + 51*s - 543. Determine i(16).
17
Let a(m) = m**3 + 40*m**2 + 177*m + 44. Give a(-35).
-26
Let j(a) = 54*a + 537. What is j(-10)?
-3
Let l(u) = -263*u - 6831. Give l(-26).
7
Let n(o) = -21*o**2 + 31*o - 83. What is n(3)?
-179
Let u(j) = 7*j - 139. Give u(22).
15
Let c(l) = -19*l**2 - 110*l + 22. Give c(-6).
-2
Let p(m) = m**2 - 24*m - 629. Give p(-16).
11
Let j(v) = v**2 + 45*v + 386. What is j(-12)?
-10
Let t(b) = -171*b**3 - 4*b**2 - 3*b + 6. Give t(1).
-172
Let f(o) = o**3 + 25*o**2 - 4*o - 42. Calculate f(-25).
58
Let m(q) = 7*q + 12. Calculate m(-1).
5
Let y(j) = -13*j + 1895. Calculate y(152).
-81
Let z(m) = 2*m**2 - 98*m + 319. What is z(46)?
43
Let b(z) = -2*z**3 - 136*z**2 + 132*z - 94. Give b(-69).
320
Let p(t) = 3*t**3 - 115*t**2 + 39*t - 165. Give p(38).
-127
Let l(c) = -c**2 - 97*c + 649. What is l(6)?
31
Let m(z) = 34*z + 1161. Calculate m(-34).
5
Let j(a) = 86*a + 1202. Calculate j(-14).
-2
Let l(i) = i**3 - 5*i**2 - 1. What is l(-5)?
-251
Let c(p) = 79*p + 19. What is c(-1)?
-60
Let x(r) = -r**3 - 6*r**2 + 1077*r + 5410. Give x(-5).
0
Let d(y) = -11*y**2 + 5*y - 3. Give d(-2).
-57
Let m(s) = -14*s + 82. Give m(9).
-44
Let q(a) = a**3 - 34*a**2 - 7*a + 234. Calculate q(34).
-4
Let s(o) = o**2 + 3*o - 1. Determine s(2).
9
Let c(j) = j**3 + 2*j**2 - 5*j - 14. Determine c(0).
-14
Let c(h) = h**2 - 681*h + 15127. What is c(23)?
-7
Let g(s) = 1094*s + 4409. Determine g(-4).
33
Let z(p) = 32*p - 1748. What is z(55)?
12
Let l(k) = -244*k - 734. Determine l(-3).
-2
Let z(o) = -10*o**2 + 121*o + 274. Calculate z(-2).
-8
Let j(d) = 4719*d - 165166. Calculate j(35).
-1
Let v(r) = 25*r - 705. What is v(65)?
920
Let y(q) = q**3 + 80*q**2 + 15*q + 968. Calculate y(-80).
-232
Let z(s) = s**3 - 19*s**2 + 12*s - 8. What is z(19)?
220
Let f(n) = 15*n - 90. Give f(-10).
-240
Let j(z) = -2*z**3 - 12*z**2 + 11*z - 14. Calculate j(-7).
7
Let q(o) = 2*o**3 - 254*o**2 - 258*o + 259. Give q(128).
3
Let c(w) = 4*w + 409. What is c(-97)?
21
Let w(t) = t**3 + 31*t**2 + 130*t - 11. Give w(-26).
-11
Let k(w) = w**3 + 11*w**2 - 147*w + 102. Determine k(-19).
7
Let v(p) = -p**2 - 75*p + 215. Determine v(-77).
61
Let f(g) = 15*g + 186. Calculate f(-7).
81
Let a(w) = -w**3 - 20*w**2 - 66*w + 5. Determine a(-5).
-40
Let x(r) = -44*r**2 - 119*r + 43. Calculate x(-3).
4
Let a(w) = -2*w**2 - 3*w + 147. Determine a(-9).
12
Let l(v) = -v**3 + 18*v**2 - 74*v - 17. Give l(10).
43
Let a(n) = -4*n**2 + 16*n + 474. Give a(-11).
-186
Let p(d) = -20*d + 1547. Calculate p(77).
7
Let a(g) = 182*g + 373. What is a(-2)?
9
Let d(j) = -104*j + 382. Give d(5).
-138
Let k(m) = m**3 - 22*m**2 + 95*m - 30. Calculate k(16).
-46
Let k(a) = -206*a - 19791. Determine k(-96).
-15
Let r(u) = -u**2 - 38*u - 64. Determine r(-21).
293
Let o(n) = 5*n**2 + 1163*n - 455. What is o(-233)?
11
Let b(a) = -5*a**2 + 25*a + 31. Give b(7).
-39
Let o(r) = r**2 - 65*r - 1128. Determine o(-14).
-22
Let z(x) = -31*x + 599. Determine z(20).
-21
Let w(f) = f**2 - 20*f - 347. Determine w(31).
-6
Let a(u) = u**3 - 7*u**2 - 171*u + 31. Calculate a(17).
14
Let n(z) = -85*z - 249. Calculate n(-3).
6
Let f(m) = 16*m + 326. Determine f(-25).
-74
Let d(a) = -9940*a - 178917. Determine d(-18).
3
Let b(x) = -25*x + 166. What is b(4)?
66
Let o(s) = s**3 - 104*s**2 + 212*s - 771. Determine o(102).
45
Let c(m) = m**3 + 4*m + 2. Determine c(-4).
-78
Let m(c) = c**2 - 51*c - 98. Determine m(-2).
8
Let s(x) = 11*x**2 - 7*x + 9. What is s(0)?
9
Let j(o) = 559*o + 13958. Calculate j(-25).
-17
Let b(z) = -11*z + 981. Calculate b(89).
2
Let a(r) = -18*r - 1167. What is a(-110)?
813
Let j(g) = 460*g - 68087. Give j(148).
-7
Let o(x) = -114*x + 13. What is o(0)?
13
Let k(p) = -13*p + 86. Give k(-7).
177
Let y(s) = -s**2 - 33*s + 2717. Calculate y(-71).
19
Let x(l) = 2*l - 5. Determine x(2).
-1
Let t(a) = -a**2 - 63*a - 754. What is t(-51)?
-142
Let b(f) = -f**3 - 53*f**2 - 101*f + 229. Determine b(-51).
178
Let d(z) = -3*z**2 + 1842*z - 3680. Determine d(2).
-8
Let h(u) = 5*u - 1. Determine h(-4).
-21
Let o(v) = 429